 = c**3 - c**2 + 1. Let k(n) = 2*r(n) - w(n). Suppose -24*f + 3625 - 20353 = 0. Let d = f - -693. Give k(d).
-18
Let x(b) = 1 - 2*b**2 + b**2 + 134*b + 98*b - 231*b. What is x(-2)?
-5
Let n(v) = -v + 6. Let z(w) = 2*w + 14. Let o be z(-6). Suppose 2*p = -2*s + o, 0 = -2*p - 3*p + 2*s + 33. Suppose p*j - 3 - 32 = 0. Determine n(j).
-1
Let n(z) = z + z**3 - 2*z - 3045618 - 9*z**2 + 3045625. Let t(l) = l**3 + 9. Let h be t(0). Calculate n(h).
-2
Let b(d) = -3*d**2 + 78*d - 25. Let o be b(25). Suppose o*j = 32*j + 144. Let v(h) = -h**3 + 9*h**2 - 10*h. Calculate v(j).
-16
Let b(x) = -8*x - 2 + 0 - 6*x + 12*x. Let z be b(0). Let a(w) = -2 + 81*w - 168*w + 84*w. Determine a(z).
4
Let q(v) be the second derivative of v + 1/4*v**4 + 0*v**2 - 1/6*v**3 - 88 - 3/20*v**5. Calculate q(2).
-14
Let y(j) be the first derivative of -j**4/12 + 2*j**3/3 - 3*j**2/2 + 30*j + 249. Let u(c) be the first derivative of y(c). What is u(3)?
0
Suppose -65*b - 175*b + 1176 + 753 = 489. Let c(n) = -7*n**2 + 10*n + 6. Let z(u) = -u**2 + u. Let s(a) = c(a) - 5*z(a). Calculate s(b).
-36
Let g(b) = 37*b**3 - 9*b**2 + 20*b. Let u(h) = 52*h**3 - 13*h**2 + 27*h. Let w(r) = 11*g(r) - 8*u(r). Determine w(-1).
10
Let c(r) = -r**2 - 12*r - 6. Let p(l) = -16*l + 45*l - 14*l + 23 - 17*l. Let n be p(8). Let y be (130/(-210) + 2/n)*33. Determine c(y).
5
Let o(h) = h**2 + 2*h - 2. Let n(k) = k**3 + 12*k**2 + 8*k - 37. Let w be n(-11). Let z be (9/(-18) - w)*-2. Give o(z).
33
Suppose -58*c = 302*c + 3600. Let u(f) = -f**3 - 10*f**2 - 3*f - 25. What is u(c)?
5
Let o(a) = a**3 + 5*a**2 - 3*a. Suppose -16 = 3*t + 5*i, -4*i - 4 = -5*t - 43. Let x = -4 - t. Suppose 5*v + x*y = 5*y - 38, 0 = 5*v - 4*y + 46. Determine o(v).
-18
Let b(o) = 2*o**2 - 12*o - 73. Suppose -178*r + 1513 + 267 = 0. Calculate b(r).
7
Let l(b) be the second derivative of -b**3/6 - 5*b**2 + 168*b + 2. Calculate l(-19).
9
Let v(b) = 7*b + 196. Let h(j) = 2*j + 53. Let d(p) = 11*h(p) - 3*v(p). Let y = 38 - 24. Give d(y).
9
Let v(z) = -19*z + 22. Let p(h) = 7*h - 8. Let c(w) = 11*p(w) + 4*v(w). Suppose -100 = -6*l - 4*l. Determine c(l).
10
Let t(c) = -c - 10. Let v(d) = 2*d**2 - 24*d - 11. Suppose -4*g + 1 = p - 3, -4*g = 8. Let q be v(p). What is t(q)?
1
Let a(h) = 683*h - 14. Let n(v) = 1024*v - 13. Let p(t) = -3*a(t) + 2*n(t). Let s = 4 + -1. Suppose 0 = -z - s*j - 6, -z - j = -5*z + 2. Give p(z).
16
Let x(d) = d**2 + 609*d + 91910. Let j be x(-276). Let a(i) be the first derivative of 3*i**2 + 3*i + 1. What is a(j)?
15
Let s(n) = 17*n + 217. Let q be s(-13). Let v(k) = -k - 7. Let b be v(-9). Let x(i) = 3*i - 6*i - b - 2. Give x(q).
8
Let q(l) = 243 + 246 - 23 + 34*l + 18*l - 105. Let g be q(-7). Let y(p) be the first derivative of p**3/3 + 3*p**2/2 + 4*p + 1. Give y(g).
4
Let q(k) = k**3 + 3*k**2 + k + 2. Suppose -7*z - 3*p - 18 = -4*z, 5*z - 30 = 5*p. Give q(z).
2
Let r(b) = -3*b + 36. Suppose 32 = 4*w - 4*t, 99*t - 95*t - 12 = 0. Determine r(w).
3
Let v(l) = l**3 + 23*l**2 + 21*l - 15. Let b = 563 - 585. Determine v(b).
7
Let r(d) be the third derivative of -1/24*d**6 + 0 + 0*d + 0*d**5 + 0*d**3 + 0*d**4 + 27*d**2. Let q = 6 + -5. Give r(q).
-5
Let a(u) = -52*u - 1513. Let i be a(-29). Let z(l) = -l**3 - 5*l**2 - 5*l - 10. Determine z(i).
15
Let v(q) = 17*q + 70. Let i(p) = 9*p + 36. Suppose 2*b = -9*g + 4*g - 7, -b = -5*g + 11. Let x(z) = b*v(z) + 11*i(z). Determine x(-10).
6
Suppose 3*i = -11 + 26. Let m(j) = -3 + 2781*j - 924*j - 926*j - 927*j. Determine m(i).
17
Let f(a) be the third derivative of -a**5/30 + a**3/3 + 192*a**2. Suppose 0 = -0*u - 4*u + 8. What is f(u)?
-6
Let g = -39 - -70. Suppose -4*u = -g + 7. Let z(l) = -88*l**2 + 20*l - 118. Let s(b) = 21*b**2 - 5*b + 28. Let r(c) = 21*s(c) + 5*z(c). Determine r(u).
4
Let l(n) = 3*n + 20. Let g(y) = 5*y - 117. Let u(k) = -g(k) - 7*l(k). What is u(-5)?
107
Let s(d) = 2*d**2 + 9*d + 36. Let u be (-15)/12 - (-3)/(-24)*46. Give s(u).
71
Let k(s) = 10*s**2 + 1244*s - 171. Let w(l) = l**2 + 131*l - 19. Let q(n) = -2*k(n) + 19*w(n). Calculate q(8).
-75
Let r(v) = -2*v**2 - 6*v - 7. Let d be 18*(-16 + 14)/6. Calculate r(d).
-43
Let n(s) = s**3 + 17*s**2 - 18*s - 16. Suppose 7*j = -3*p - 61, 5*j + 95 = 245*p - 250*p. What is n(p)?
-16
Let o(x) = -x**3 + 22*x**2 + 0*x**2 - 32 + 57. Determine o(22).
25
Let v(b) = -b**3 - 2*b**2 + 51*b - 18. Let r be v(6). Let l(a) be the third derivative of r + 0*a + 1/12*a**4 - 5/6*a**3 - 21*a**2. Give l(4).
3
Let r(t) = 965487 - 965470 + 3*t - t**3 - 6*t**2 + t. What is r(-6)?
-7
Let d(k) = -105 + 4*k + 305 - 98 + k - 101. Calculate d(-1).
-4
Suppose 3429 = -65*a + 4014. Let n(v) = 9*v - 78. Determine n(a).
3
Let c(x) = -2*x + 13. Let y(j) = 275*j**2 + 6*j + 269*j**2 + 62 - 545*j**2. Let l be y(-5). Determine c(l).
-1
Let v(a) = 4*a**2 - 3*a - a**3 - 4 + 0 + 0*a**3. Suppose -899 + 7 = -56*h - 167*h. What is v(h)?
-16
Let t(q) = -q**2 + 4*q - 3. Let z be t(3). Let s(a) = -4 + 250*a**2 + 0*a - 249*a**2 + z*a. Calculate s(3).
5
Let i(n) = 6*n**2 - 7*n - 3. Let b(v) = -5*v**2 + 7*v + 3. Let u(x) = 7*b(x) + 6*i(x). Let g be 33/(-7) - 90/315. Give u(g).
-7
Let d(c) be the third derivative of c**5/20 + 17*c**4/24 - c**3/2 - 479*c**2 - 2*c. Give d(-6).
3
Let d = 361 + -359. Let a(m) = -5*m - 4*m + 71*m**2 - m**3 - 206*m**d + 68*m**2 + 55*m**2 + 1. Calculate a(-11).
-21
Let v = 18 + -23. Let p(j) = 6*j**2 + 12*j - 1. Let h(f) = f**2 + f - 1. Let q(m) = v*h(m) + p(m). Let a(y) = -7*y - 21. Let c be a(-2). Calculate q(c).
4
Let z be (140/(-5))/(-4) + -4. Let b(r) = r**3 - 13 + 7 - 2*r**z - r - r**2 - 9. Calculate b(0).
-15
Let i(m) = 2*m**3 + 2*m**2 - m + 1. Let v(b) = 3*b**3 + 15*b**2 + 12*b - 26. Let s(t) = -2*i(t) + v(t). Suppose -3*u - k = -39, 3*k = 11 - 2. Calculate s(u).
-4
Suppose -30 = -7*b - 16. Let h(o) = -10*o**2 + b - 3*o**2 + o**3 + 7*o + 25*o**2 - 5*o**2. Calculate h(-6).
-4
Let v(u) be the second derivative of 0*u**3 - 54*u - 7/4*u**4 + 0 + 1/2*u**2. Calculate v(1).
-20
Let y(j) = -j**3 - 7*j**2 + 5*j - 8. Let w(r) = -r**2 + 2*r + 1360. Let p be w(38). Give y(p).
16
Suppose 166*r + 465 = 418*r + 213*r. Let f(g) = -6*g**2 - 3*g + 3. What is f(r)?
-6
Let i(o) be the first derivative of -o**3/3 - 9*o**2/2 - 9*o - 2043. Give i(-6).
9
Let o(t) = -1 + 4*t**3 + t + 0 + 0*t**2 + t**2. Let v be o(1). Let c(h) = 14*h**2 + h - 2. Let k(f) = 44*f**2 - 4*f - 8. Let w(a) = 3*c(a) - k(a). Give w(v).
-13
Let h(q) = 2*q**2 + 3*q - 9. Suppose 3*k + 1 + 11 = 3*a, 2*a + 2*k = 4. Suppose a*j + x - 5 = -18, 2*j + 4*x = -2. Give h(j).
26
Let h be (-1 - (-21)/35)*(-3 - 2). Let j(c) = -4*c - 4 - 6*c - 1 + h*c + 2*c. What is j(-2)?
7
Suppose -3 = 3*m + 14*t - 11*t, -5*m + 35 = -3*t. Let z(a) = a - m*a**2 - 19133*a**3 + 19134*a**3 - 6 + 4*a. What is z(4)?
14
Let z be (-4 + (-418)/(-95))*(-20)/(-8). Let i(y) = 14*y**2 + y - 1. Calculate i(z).
14
Let d(f) be the second derivative of -f**7/210 - f**4/6 - 19*f**3/2 + 34*f. Let a(v) be the third derivative of d(v). Let o = -2 - -3. Give a(o).
-12
Suppose 8*o + 2 = 10*o. Let z(b) = b - 38 + 75 - 37 - 4*b**3. What is z(o)?
-3
Let l(f) = 18*f**3 - 2*f**2 + 4*f - 3. Suppose 5*s + 28 = -3*n - 9, -2*s = 16. Calculate l(n).
17
Let f(g) be the second derivative of -1/2*g**3 + 1/2*g**2 + 1/6*g**4 - g + 11. Calculate f(3).
10
Let u = -76 - -73. Let h be (8/(-20))/(-3*u/405). Let r be (-4)/14 - h/63. Let t(d) = -d**2 + d. Give t(r).
0
Let z be 6 + ((-104)/(-20))/(2/(-5)). Let u(s) = -3*s**3 + 6*s**2 + s - s - 8*s + 4*s**3 - 9. Calculate u(z).
-2
Let h(f) = f**2 + 9*f - 198. Let g(o) = 3*o**2 - 61*o + 290. Let r be g(7). Determine h(r).
-8
Let q(t) = t**3 + 8*t**2 - t - 21. Suppose 3*g = b - 11 - 21, -4*g - 12*b = -64. Determine q(g).
-13
Let h(w) be the third derivative of 1/12*w**4 - 40*w - 2*w**2 + 0 + 9/2*w**3. Determine h(-11).
5
Let q(g) = g + 13. Let s = -4 - 39. Let l = -53 - s. What is q(l)?
3
Let u = -11207 - -11195. Let y(x) = 2*x**2 + 21*x - 30. Give y(u).
6
Let r(s) = -9*s + 79. Let o(b) = -9*b + 105. Let z(a) = 3*o(a) - 4*r(a). Calculate z(-3).
-28
Let o(r) = -2*r - 4 + r + 20. Suppose g = -4*q - 2, -g - 5*q - 62 = -4*g. Calculate o(g).
2
Let d(g) = -3*g + 32. Let p = 2755 + -2746. Determine d(p).
5
Let m(i) = -i + 11. Let b be m(8). Suppose 0 + 3 = b*w + 2*q, q + 1 = w. Let t(j) = 4*j - 3*j + 4*j. Determin